hat is the units digit of 801?
1
What is the units digit of 734?
4
What is the units digit of 2271?
1
What is the hundreds digit of 691?
6
What is the thousands digit of 2018?
2
What is the units digit of 7223?
3
What is the units digit of 5286?
6
What is the units digit of 19188?
8
What is the tens digit of 955?
5
What is the tens digit of 9204?
0
What is the hundreds digit of 23053?
0
What is the thousands digit of 1391?
1
What is the hundreds digit of 455?
4
What is the tens digit of 19624?
2
What is the tens digit of 630?
3
What is the hundreds digit of 10693?
6
What is the units digit of 21363?
3
What is the hundreds digit of 73484?
4
What is the tens digit of 82?
8
What is the units digit of 5076?
6
What is the ten thousands digit of 25488?
2
What is the hundreds digit of 5486?
4
What is the tens digit of 961?
6
What is the units digit of 2224?
4
What is the tens digit of 42?
4
What is the units digit of 13080?
0
What is the tens digit of 6439?
3
What is the ten thousands digit of 10407?
1
What is the units digit of 423?
3
What is the tens digit of 4410?
1
What is the tens digit of 581?
8
What is the tens digit of 3774?
7
What is the units digit of 64?
4
What is the hundreds digit of 3201?
2
What is the hundreds digit of 15463?
4
What is the units digit of 644?
4
What is the units digit of 6145?
5
What is the tens digit of 2073?
7
What is the hundreds digit of 110972?
9
What is the tens digit of 14462?
6
What is the hundreds digit of 41723?
7
What is the hundreds digit of 1504?
5
What is the units digit of 2250?
0
What is the thousands digit of 9791?
9
What is the hundreds digit of 46344?
3
What is the hundreds digit of 844?
8
What is the hundreds digit of 30267?
2
What is the hundreds digit of 250?
2
What is the units digit of 6421?
1
What is the tens digit of 2368?
6
What is the units digit of 5477?
7
What is the thousands digit of 8061?
8
What is the hundreds digit of 1499?
4
What is the hundreds digit of 1878?
8
What is the hundreds digit of 3494?
4
What is the tens digit of 4234?
3
What is the ten thousands digit of 22560?
2
What is the tens digit of 2139?
3
What is the hundreds digit of 5704?
7
What is the tens digit of 32025?
2
What is the tens digit of 581?
8
What is the ten thousands digit of 37326?
3
What is the units digit of 75?
5
What is the tens digit of 3451?
5
What is the hundred thousands digit of 106695?
1
What is the thousands digit of 1476?
1
What is the hundreds digit of 717?
7
What is the units digit of 28609?
9
What is the tens digit of 629?
2
What is the thousands digit of 2919?
2
What is the units digit of 60183?
3
What is the units digit of 2649?
9
What is the units digit of 18?
8
What is the units digit of 4692?
2
What is the units digit of 17251?
1
What is the tens digit of 981?
8
What is the tens digit of 34926?
2
What is the ten thousands digit of 51350?
5
What is the units digit of 3541?
1
What is the hundreds digit of 424?
4
What is the ten thousands digit of 56474?
5
What is the hundreds digit of 2505?
5
What is the units digit of 531?
1
What is the hundreds digit of 4347?
3
What is the hundred thousands digit of 126722?
1
What is the tens digit of 102?
0
What is the ten thousands digit of 133062?
3
What is the thousands digit of 1153?
1
What is the units digit of 30987?
7
What is the hundreds digit of 52217?
2
What is the tens digit of 518?
1
What is the hundreds digit of 788?
7
What is the units digit of 93?
3
What is the thousands digit of 6331?
6
What is the units digit of 1140?
0
What is the ten thousands digit of 18418?
1
What is the ten thousands digit of 11313?
1
What is the tens digit of 1305?
0
What is the thousands digit of 3593?
3
What is the units digit of 650?
0
What is the tens digit of 33?
3
What is the hundreds digit of 1171?
1
What is the thousands digit of 4612?
4
What is the thousands digit of 16760?
6
What is the ten thousands digit of 42712?
4
What is the units digit of 2863?
3
What is the tens digit of 34283?
8
What is the hundred thousands digit of 120704?
1
What is the tens digit of 504?
0
What is the units digit of 39?
9
What is the tens digit of 23298?
9
What is the tens digit of 10300?
0
What is the tens digit of 68764?
6
What is the hundreds digit of 811?
8
What is the thousands digit of 3761?
3
What is the tens digit of 485?
8
What is the units digit of 1830?
0
What is the units digit of 501?
1
What is the tens digit of 497?
9
What is the hundreds digit of 4436?
4
What is the tens digit of 11055?
5
What is the ten thousands digit of 43029?
4
What is the units digit of 62452?
2
What is the thousands digit of 3059?
3
What is the hundreds digit of 395?
3
What is the tens digit of 288?
8
What is the thousands digit of 3494?
3
What is the units digit of 3869?
9
What is the units digit of 384?
4
What is the tens digit of 876?
7
What is the thousands digit of 99309?
9
What is the units digit of 4414?
4
What is the hundreds digit of 9958?
9
What is the units digit of 12316?
6
What is the hundreds digit of 11855?
8
What is the thousands digit of 5273?
5
What is the tens digit of 325?
2
What is the thousands digit of 29250?
9
What is the hundreds digit of 5298?
2
What is the hundreds digit of 6811?
8
What is the hundreds digit of 10342?
3
What is the hundreds digit of 118?
1
What is the hundreds digit of 1186?
1
What is the units digit of 13507?
7
What is the hundreds digit of 63386?
3
What is the hundreds digit of 30441?
4
What is the hundred thousands digit of 167021?
1
What is the units digit of 890?
0
What is the hundreds digit of 5558?
5
What is the tens digit of 1727?
2
What is the units digit of 4726?
6
What is the tens digit of 455?
5
What is the hundreds digit of 6591?
5
What is the hundreds digit of 11603?
6
What is the tens digit of 1832?
3
What is the units digit of 58877?
7
What is the units digit of 31053?
3
What is the tens digit of 746?
4
What is the ten thousands digit of 16326?
1
What is the units digit of 69?
9
What is the ten thousands digit of 140653?
4
What is the tens digit of 12726?
2
What is the thousands digit of 1491?
1
What is the ten thousands digit of 42607?
4
What is the ten thousands digit of 18988?
1
What is the tens digit of 25728?
2
What is the tens digit of 3477?
7
What is the units digit of 1748?
8
What is the units digit of 535?
5
What is the thousands digit of 21506?
1
What is the thousands digit of 70314?
0
What is the units digit of 13841?
1
What is the tens digit of 56?
5
What is the tens digit of 110703?
0
What is the units digit of 79618?
8
What is the hundreds digit of 9268?
2
What is the tens digit of 1077?
7
What is the units digit of 393?
3
What is the thousands digit of 3685?
3
What is the tens digit of 3959?
5
What is the hundreds digit of 10211?
2
What is the hundreds digit of 764?
7
What is the units digit of 898?
8
What is the hundreds digit of 2487?
4
What is the hundreds digit of 945?
9
What is the ten thousands digit of 39203?
3
What is the tens digit of 682?
8
What is the ten thousands digit of 11793?
1
What is the units digit of 109?
9
What is the hundreds digit of 559?
5
What is the units digit of 993?
3
What is the thousands digit of 12233?
2
What is the tens digit of 2247?
4
What is the hundreds digit of 4306?
3
What is the thousands digit of 7965?
7
What is the units digit of 201?
1
What is the units digit of 10903?
3
What is the tens digit of 3412?
1
What is the units digit of 774?
4
What is the units digit of 161961?
1
What is the ten thousands digit of 39597?
3
What is the tens digit of 1248?
4
What is the units digit of 1244?
4
What is the units digit of 4045?
5
What is the thousands digit of 4511?
4
What is the hundreds digit of 1131?
1
What is the units digit of 8674?
4
What is the tens digit of 5705?
0
What is the hundreds digit of 1217?
2
What is the tens digit of 84547?
4
What is the units digit of 91521?
1
What is the hundreds digit of 816?
8
What is the ten thousands digit of 18113?
1
What is the units digit of 2125?
5
What is the tens digit of 15266?
6
What is the hundreds digit of 1150?
1
What is the units digit of 90287?
7
What is the units digit of 8413?
3
What is the units digit of 4204?
4
What is the units digit of 1084?
4
What is the thousands digit of 2493?
2
What is the units digit of 2363?
3
What is